{"id":84,"date":"2025-10-09T13:52:19","date_gmt":"2025-10-09T18:22:19","guid":{"rendered":"https:\/\/www.upafv.edu.ve\/?page_id=84"},"modified":"2025-10-10T09:01:25","modified_gmt":"2025-10-10T13:31:25","slug":"quienes-somos","status":"publish","type":"page","link":"https:\/\/www.upafv.edu.ve\/index.php\/quienes-somos\/","title":{"rendered":"\u00bfQui\u00e9nes somos?"},"content":{"rendered":"\n<p>La Universidad Popular del Ambiente \u00abFruto Vivas\u00bb, es una instituci\u00f3n de educaci\u00f3n universitaria para la formaci\u00f3n acad\u00e9mica de las y los profesionales, t\u00e9cnicos y organizaciones de base, con un perfil humanista y solidario, con sensibilidad social, ambiental e identidad nacional, vinculados con la comunidad y su acervo cultural para la creaci\u00f3n intelectual con la apertura de espacios de reflexi\u00f3n e intercambio de saberes, en funci\u00f3n del buen vivir de las ciudadanas y los ciudadanos.<\/p>\n","protected":false},"excerpt":{"rendered":"<p>La Universidad Popular del Ambiente \u00abFruto Vivas\u00bb, es una instituci\u00f3n de educaci\u00f3n universitaria para la formaci\u00f3n acad\u00e9mica de las y [&hellip;]<\/p>\n","protected":false},"author":1,"featured_media":120,"parent":0,"menu_order":0,"comment_status":"closed","ping_status":"closed","template":"","meta":{"_uag_custom_page_level_css":"","footnotes":""},"class_list":["post-84","page","type-page","status-publish","has-post-thumbnail","hentry"],"uagb_featured_image_src":{"full":["https:\/\/www.upafv.edu.ve\/wp-content\/uploads\/2025\/10\/1752862041050-scaled.jpg",2560,1443,false],"thumbnail":["https:\/\/www.upafv.edu.ve\/wp-content\/uploads\/2025\/10\/1752862041050-150x150.jpg",150,150,true],"medium":["https:\/\/www.upafv.edu.ve\/wp-content\/uploads\/2025\/10\/1752862041050-300x169.jpg",300,169,true],"medium_large":["https:\/\/www.upafv.edu.ve\/wp-content\/uploads\/2025\/10\/1752862041050-768x433.jpg",525,296,true],"large":["https:\/\/www.upafv.edu.ve\/wp-content\/uploads\/2025\/10\/1752862041050-1024x577.jpg",525,296,true],"1536x1536":["https:\/\/www.upafv.edu.ve\/wp-content\/uploads\/2025\/10\/1752862041050-1536x866.jpg",1536,866,true],"2048x2048":["https:\/\/www.upafv.edu.ve\/wp-content\/uploads\/2025\/10\/1752862041050-2048x1155.jpg",2048,1155,true],"elearning-education-featured-image":["https:\/\/www.upafv.edu.ve\/wp-content\/uploads\/2025\/10\/1752862041050-2000x1200.jpg",2000,1200,true],"elearning-education-thumbnail-avatar":["https:\/\/www.upafv.edu.ve\/wp-content\/uploads\/2025\/10\/1752862041050-100x100.jpg",100,100,true],"woocommerce_thumbnail":["https:\/\/www.upafv.edu.ve\/wp-content\/uploads\/2025\/10\/1752862041050-scaled-300x300.jpg",300,300,true],"woocommerce_single":["https:\/\/www.upafv.edu.ve\/wp-content\/uploads\/2025\/10\/1752862041050-scaled-600x338.jpg",600,338,true],"woocommerce_gallery_thumbnail":["https:\/\/www.upafv.edu.ve\/wp-content\/uploads\/2025\/10\/1752862041050-scaled-100x100.jpg",100,100,true]},"uagb_author_info":{"display_name":"upafvadmin","author_link":"https:\/\/www.upafv.edu.ve\/index.php\/author\/upafvadmin\/"},"uagb_comment_info":0,"uagb_excerpt":"La Universidad Popular del Ambiente \u00abFruto Vivas\u00bb, es una instituci\u00f3n de educaci\u00f3n universitaria para la formaci\u00f3n acad\u00e9mica de las y [&hellip;]","_links":{"self":[{"href":"https:\/\/www.upafv.edu.ve\/index.php\/wp-json\/wp\/v2\/pages\/84","targetHints":{"allow":["GET"]}}],"collection":[{"href":"https:\/\/www.upafv.edu.ve\/index.php\/wp-json\/wp\/v2\/pages"}],"about":[{"href":"https:\/\/www.upafv.edu.ve\/index.php\/wp-json\/wp\/v2\/types\/page"}],"author":[{"embeddable":true,"href":"https:\/\/www.upafv.edu.ve\/index.php\/wp-json\/wp\/v2\/users\/1"}],"replies":[{"embeddable":true,"href":"https:\/\/www.upafv.edu.ve\/index.php\/wp-json\/wp\/v2\/comments?post=84"}],"version-history":[{"count":3,"href":"https:\/\/www.upafv.edu.ve\/index.php\/wp-json\/wp\/v2\/pages\/84\/revisions"}],"predecessor-version":[{"id":241,"href":"https:\/\/www.upafv.edu.ve\/index.php\/wp-json\/wp\/v2\/pages\/84\/revisions\/241"}],"wp:featuredmedia":[{"embeddable":true,"href":"https:\/\/www.upafv.edu.ve\/index.php\/wp-json\/wp\/v2\/media\/120"}],"wp:attachment":[{"href":"https:\/\/www.upafv.edu.ve\/index.php\/wp-json\/wp\/v2\/media?parent=84"}],"curies":[{"name":"wp","href":"https:\/\/api.w.org\/{rel}","templated":true}]}}